5?
-681
In base 10, what is 376 - 27?
349
In base 3, what is -2 - -21222?
21220
In base 13, what is -3 - -429?
426
In base 10, what is -17 + -100?
-117
In base 16, what is -2291 - -5?
-228c
In base 7, what is 1 + -325?
-324
In base 15, what is 5 + -85?
-80
In base 14, what is -5 - 125?
-12a
In base 3, what is -2 + 111000?
110221
In base 13, what is c3 - -24?
117
In base 9, what is 11 + 1288?
1310
In base 9, what is 7167 + -5?
7162
In base 16, what is 3 - 400?
-3fd
In base 5, what is -24 - 1213?
-1242
In base 15, what is -3 + -30?
-33
In base 10, what is 1178 + -3?
1175
In base 15, what is 4 - 357?
-353
In base 13, what is -4 + 106?
102
In base 7, what is -1 + 140?
136
In base 11, what is -6 - -10?
5
In base 14, what is 2 + -5b?
-59
In base 10, what is 19 + -22?
-3
In base 12, what is 2 - -4a8?
4aa
In base 14, what is 1c + 40?
5c
In base 10, what is -56 - -12?
-44
In base 6, what is 11 - -12?
23
In base 15, what is 4 + 63?
67
In base 12, what is -3 + -527?
-52a
In base 2, what is -111001101111 + -101?
-111001110100
In base 9, what is -42 - -3?
-38
In base 16, what is 8f7 + -2?
8f5
In base 11, what is -1 - 308?
-309
In base 5, what is -14 + 120?
101
In base 12, what is 2 - 80?
-7a
In base 15, what is -126 + 3?
-123
In base 6, what is 10 - -21313?
21323
In base 9, what is 3 + -113?
-110
In base 4, what is -10 + -112?
-122
In base 7, what is -303 + 30?
-243
In base 3, what is 101220 - 2010?
22210
In base 5, what is 11 - 40?
-24
In base 10, what is -14 + 0?
-14
In base 4, what is -1 + -23?
-30
In base 15, what is 1c7 + -2d?
199
In base 15, what is -15b8 + 3?
-15b5
In base 7, what is -60 - 3?
-63
In base 16, what is 1 + ba?
bb
In base 7, what is 6 - 2326?
-2320
In base 13, what is -90 - -3?
-8a
In base 15, what is -25 + 12?
-13
In base 14, what is 4 + -302?
-2dc
In base 10, what is 86 + 71?
157
In base 14, what is 4 - -3124?
3128
In base 4, what is 20121103 - 3?
20121100
In base 3, what is -10212102 + 12?
-10212020
In base 9, what is 81 + 10?
101
In base 7, what is 5 - -54?
62
In base 9, what is 321 - 5?
315
In base 11, what is 10 - 173?
-163
In base 15, what is 1c5 - -4?
1c9
In base 11, what is -894 - 2?
-896
In base 11, what is 705 - 2?
703
In base 14, what is -a - 2d?
-39
In base 15, what is 14 + -21e?
-20a
In base 6, what is -31 + 24?
-3
In base 4, what is -1213 - 11?
-1230
In base 14, what is 3a1 + -1?
3a0
In base 4, what is -100 - -1331?
1231
In base 4, what is 3 - 2202?
-2133
In base 14, what is -10c1 - -3?
-10bc
In base 3, what is -11 - 11100?
-11111
In base 4, what is 11 + 133?
210
In base 11, what is 4 - 7?
-3
In base 15, what is -7b8 - 8?
-7c1
In base 8, what is 4 + -3673?
-3667
In base 10, what is -2 + -1968?
-1970
In base 12, what is 27 + -8?
1b
In base 12, what is -3 + 405?
402
In base 8, what is -6424 - 4?
-6430
In base 16, what is -e - -13?
5
In base 2, what is -1010110 + -11?
-1011001
In base 16, what is -3 + -18f?
-192
In base 2, what is 100 + 1001010?
1001110
In base 7, what is -12302 + 0?
-12302
In base 5, what is 233 + 10?
243
In base 2, what is 1010111 - -11?
1011010
In base 4, what is 322 + -3?
313
In base 6, what is 0 + -5?
-5
In base 13, what is 4 + -48?
-44
In base 7, what is -3 - 4241?
-4244
In base 7, what is 15 - -35?
53
In base 8, what is -7 - -231?
222
In base 14, what is -14cb - -1?
-14ca
In base 14, what is 2 + -1212?
-1210
In base 15, what is -1 + 17?
16
In base 5, what is -3 + -13400?
-13403
In base 9, what is -7 + 1143?
1135
In base 4, what is -233 - -11010?
10111
In base 5, what is 11 + -31?
-20
In base 2, what is 10 - -11111?
100001
In base 11, what is -9 - -94?
86
In base 8, what is -102 + -74?
-176
In base 12, what is -98 + 7?
-91
In base 14, what is 5 + 26?
2b
In base 2, what is 1 + -1010001?
-1010000
In base 16, what is 0 - -72?
72
In base 16, what is f5f + 2?
f61
In base 9, what is 7 - -1505?
1513
In base 7, what is -325 - -1?
-324
In base 6, what is 4040 + 4?
4044
In base 16, what is -13c - -3?
-139
In base 4, what is -2232 - -32?
-2200
In base 14, what is d08 - 3?
d05
In base 13, what is -9 - -48?
3c
In base 3, what is -1020 - 122?
-1212
In base 11, what is 5 - -652?
657
In base 14, what is -10083 + 0?
-10083
In base 4, what is -10 - -10030?
10020
In base 7, what is -4543 + 2?
-4541
In base 15, what is -b6 + 5?
-b1
In base 4, what is -30 + -130?
-220
In base 13, what is 251 - -5?
256
In base 3, what is 2 + -2010?
-2001
In base 6, what is 15135 - -15?
15154
In base 2, what is 1 + 111101?
111110
In base 14, what is 7ba + -9?
7b1
In base 7, what is -3111 - 1?
-3112
In base 8, what is 5506 - 3?
5503
In base 16, what is 52 - 4?
4e
In base 7, what is 1 + -20354?
-20353
In base 11, what is 0 + 5046?
5046
In base 15, what is aa - -d?
b8
In base 2, what is 11101 + 111101?
1011010
In base 10, what is 2876 - 0?
2876
In base 16, what is -2c + -fc?
-128
In base 10, what is 199 - 4?
195
In base 2, what is 11 + -100110?
-100011
In base 5, what is 11 - -12430?
12441
In base 5, what is -312 - 14?
-331
In base 2, what is 1111111 + 0?
1111111
In base 15, what is -33ca + -5?
-33d0
In base 13, what is -17 + 13?
-4
In base 15, what is 3 - -78?
7b
In base 2, what is -101 - -10001000?
10000011
In base 4, what is -3 - 1032103?
-1032112
In base 13, what is 3 + -619?
-616
In base 8, what is -22 - 3?
-25
In base 4, what is -111 - -101?
-10
In base 8, what is -3110 - 0?
-3110
In base 4, what is -322 + -1?
-323
In base 12, what is 5 + 193?
198
In base 13, what is 0 - c8?
-c8
In base 16, what is -2 + 1b?
19
In base 9, what is -4 - -1488?
1484
In base 3, what is 2121102 + -10?
2121022
In base 14, what is -4 + -235?
-239
In base 2, what is -11 + -1111000100?
-1111000111
In base 13, what is 5c + 5?
64
In base 2, what is -1011 - 10111?
-100010
In base 3, what is 100 - -211?
1011
In base 16, what is 0 + 2e?
2e
In base 10, what is -11238 + 0?
-11238
In base 16, what is 165 + -c?
159
In base 11, what is -11 + 386?
375
In base 14, what is -255 - 3?
-258
In base 16, what is c + 25?
31
In base 3, what is 11 + 110102?
110120
In base 6, what is -3 + -5?
-12
In base 5, what is -124 + 213?
34
In base 2, what is -1 + -1100110010?
-1100110011
In base 10, what is -2 + 523?
521
In base 14, what is -36 + 7?
-2d
In base 2, what is -11 - 101000101010?
-101000101101
In base 4, what is 2 + 113101?
113103
In base 2, what is 1111 + -10?
1101
In base 15, what is 39 - 1?
38
In base 8, what is 241 - 105?
134
In base 15, what is 1a - 5b?
-41
In base 8, what is 1 - -10?
11
In base 11, what is -4 + 5?
1
In base 16, what is f0 - -4?
f4
In base 11, what is -2 + -1059?
-1060
In base 3, what is -20012021 - 12?
-20012110
In base 12, what is -1 + -89?
-8a
In base 4, what is -100222 - -2?
-100220
In base 16, what is -aa - -89?
-21
In base 10, what is -1 - 706?
-707
In base 7, what is 110 + -14?
63
In base 15, what is -1d - 4?
-22
In base 11, what is 5 - 2a?
-25
In base 5, what is -30 - 1?
-31
In base 2, what is -1101101 - -11110?
-1001111
In base 7, what is 15 - 123?
-105
In base 5, what is -10 + 20?
10
In base 3, what is -10201 + -10?
-10211
In base 7, what is 1 + -614?
-613
In base 12, what is -2 - 2bb?
-301
In base 10, what is -6 + 735?
729
In base 2, what is -1010111001 - -1?
-1010111000
In base 12, what is -5a - 4?
-62
In base 5, what is 331 + 1133?
2014
In base 13, what is 0 - 35?
-35
In base 9, what is 2 + -112?
-110
In base 5, what is -2322 - -3?
-2314
In base 16, what is 88 - 0?
88
In base 12, what is -150 + -63?
-1b3
In base 13, what is 7 - -936?
940
In base 9, what is -17 + -253?
-271
In base 8, what is -10 - -5?
-3
In base 10, what is 538 + -1?
537
In base 13, what is -515 - 3?
-518
In base 6, what is 25 + -341?
-312
In base 5, what is 3101 + -2?
3044
In base 10, what is -375 - -10?
-365
In base 6, what is 134413 + 5?
134422
In base 6, what is 1243 - 4?
1235
In base 2, what is 10111 + -101011?
-10100
In base 13, what is -16 - 43?
-59
In base 7, what is 2 - 115?
-113
In base 9, what is -136 - -2?
-134
In base 16, what is -1ff + 5?
-1fa
In base 9, what is 1 + -35?
-34
In base 14, what is 16 + -11?
5
In base 11, what is 2 - -168?
16a
In base 7, what is 0 + -2544?
-2544
In base 10, what is 33 + 12?
45
In base 11, what is 533 - 1?
532
In base 11, what is 8 + -68?
-60
In base 4, what is -1103230 + 10?
-1103220
In base 3, what is -11101212 + 10?
-11101202
In base